ors of 830.
2, 5, 83
List the prime factors of 10283.
7, 13, 113
List the prime factors of 47020.
2, 5, 2351
What are the prime factors of 181528?
2, 22691
List the prime factors of 3549.
3, 7, 13
List the prime factors of 263.
263
List the prime factors of 85309.
7, 1741
What are the prime factors of 4298?
2, 7, 307
What are the prime factors of 4353?
3, 1451
What are the prime factors of 271?
271
What are the prime factors of 419?
419
List the prime factors of 5746.
2, 13, 17
List the prime factors of 1128.
2, 3, 47
List the prime factors of 29939.
7, 13, 47
List the prime factors of 390.
2, 3, 5, 13
What are the prime factors of 1345?
5, 269
List the prime factors of 2918.
2, 1459
List the prime factors of 2613.
3, 13, 67
List the prime factors of 52456.
2, 79, 83
List the prime factors of 1378.
2, 13, 53
What are the prime factors of 352?
2, 11
What are the prime factors of 1109?
1109
What are the prime factors of 23743?
23743
What are the prime factors of 39025?
5, 7, 223
What are the prime factors of 4250?
2, 5, 17
List the prime factors of 4213.
11, 383
What are the prime factors of 662?
2, 331
List the prime factors of 36651.
3, 19, 643
What are the prime factors of 95117?
11, 8647
What are the prime factors of 18853?
17, 1109
List the prime factors of 2427.
3, 809
List the prime factors of 103549.
103549
What are the prime factors of 2745?
3, 5, 61
List the prime factors of 83468.
2, 7, 11, 271
List the prime factors of 39874.
2, 19937
What are the prime factors of 13706?
2, 7, 11, 89
What are the prime factors of 1093?
1093
List the prime factors of 12640.
2, 5, 79
What are the prime factors of 19154?
2, 61, 157
What are the prime factors of 1583?
1583
What are the prime factors of 62080?
2, 5, 97
List the prime factors of 84195.
3, 5, 1871
What are the prime factors of 210?
2, 3, 5, 7
List the prime factors of 4931.
4931
What are the prime factors of 6041?
7, 863
What are the prime factors of 17182?
2, 11, 71
What are the prime factors of 18644?
2, 59, 79
What are the prime factors of 2765?
5, 7, 79
What are the prime factors of 6388?
2, 1597
What are the prime factors of 638?
2, 11, 29
What are the prime factors of 1147?
31, 37
What are the prime factors of 97931?
97931
List the prime factors of 305.
5, 61
What are the prime factors of 19250?
2, 5, 7, 11
What are the prime factors of 97484?
2, 24371
What are the prime factors of 914?
2, 457
What are the prime factors of 570?
2, 3, 5, 19
What are the prime factors of 948?
2, 3, 79
List the prime factors of 6234.
2, 3, 1039
List the prime factors of 951.
3, 317
List the prime factors of 17914.
2, 13, 53
What are the prime factors of 428?
2, 107
List the prime factors of 37.
37
What are the prime factors of 834?
2, 3, 139
What are the prime factors of 9135?
3, 5, 7, 29
List the prime factors of 3745.
5, 7, 107
List the prime factors of 182.
2, 7, 13
What are the prime factors of 37814?
2, 7, 37, 73
What are the prime factors of 10240?
2, 5
List the prime factors of 1917.
3, 71
What are the prime factors of 2855?
5, 571
What are the prime factors of 2916?
2, 3
List the prime factors of 46293.
3, 13, 1187
List the prime factors of 8701.
7, 11, 113
List the prime factors of 20221.
73, 277
List the prime factors of 170.
2, 5, 17
What are the prime factors of 778?
2, 389
What are the prime factors of 22534?
2, 19, 593
List the prime factors of 61744.
2, 17, 227
List the prime factors of 911.
911
What are the prime factors of 96226?
2, 13, 3701
List the prime factors of 1623.
3, 541
List the prime factors of 4133.
4133
List the prime factors of 4369.
17, 257
What are the prime factors of 1048?
2, 131
List the prime factors of 85.
5, 17
List the prime factors of 39339.
3, 31, 47
List the prime factors of 4823.
7, 13, 53
What are the prime factors of 79433?
79433
List the prime factors of 444.
2, 3, 37
What are the prime factors of 19883?
59, 337
List the prime factors of 12367.
83, 149
List the prime factors of 6651.
3, 739
What are the prime factors of 1415?
5, 283
List the prime factors of 8526.
2, 3, 7, 29
What are the prime factors of 6138?
2, 3, 11, 31
List the prime factors of 1332.
2, 3, 37
What are the prime factors of 656?
2, 41
What are the prime factors of 919?
919
What are the prime factors of 114396?
2, 3, 9533
List the prime factors of 10329.
3, 11, 313
List the prime factors of 77958.
2, 3, 61, 71
List the prime factors of 72434.
2, 36217
What are the prime factors of 4917?
3, 11, 149
What are the prime factors of 28202?
2, 59, 239
List the prime factors of 91892.
2, 22973
List the prime factors of 18079.
101, 179
List the prime factors of 16690.
2, 5, 1669
List the prime factors of 602.
2, 7, 43
List the prime factors of 4324.
2, 23, 47
List the prime factors of 15873.
3, 11, 13, 37
What are the prime factors of 46358?
2, 13, 1783
List the prime factors of 39969.
3, 4441
List the prime factors of 5283.
3, 587
What are the prime factors of 31079?
31079
What are the prime factors of 1770?
2, 3, 5, 59
List the prime factors of 857.
857
What are the prime factors of 33281?
23, 1447
List the prime factors of 8690.
2, 5, 11, 79
What are the prime factors of 2697?
3, 29, 31
What are the prime factors of 34435?
5, 71, 97
List the prime factors of 13247.
13, 1019
List the prime factors of 2043.
3, 227
List the prime factors of 10069.
10069
What are the prime factors of 399?
3, 7, 19
What are the prime factors of 4566?
2, 3, 761
What are the prime factors of 1154?
2, 577
List the prime factors of 208.
2, 13
List the prime factors of 16515.
3, 5, 367
What are the prime factors of 2269?
2269
List the prime factors of 67038.
2, 3, 11173
What are the prime factors of 15585?
3, 5, 1039
What are the prime factors of 42668?
2, 10667
What are the prime factors of 1265?
5, 11, 23
List the prime factors of 4022.
2, 2011
List the prime factors of 5188.
2, 1297
What are the prime factors of 4387?
41, 107
What are the prime factors of 16577?
11, 137
What are the prime factors of 9122?
2, 4561
List the prime factors of 45878.
2, 7, 29, 113
What are the prime factors of 19002?
2, 3, 3167
List the prime factors of 14451.
3, 4817
What are the prime factors of 885?
3, 5, 59
What are the prime factors of 38474?
2, 19237
List the prime factors of 149061.
3, 11, 4517
What are the prime factors of 51413?
51413
What are the prime factors of 1147?
31, 37
List the prime factors of 9375.
3, 5
List the prime factors of 60989.
71, 859
What are the prime factors of 11709?
3, 1301
What are the prime factors of 2166?
2, 3, 19
What are the prime factors of 416?
2, 13
List the prime factors of 163544.
2, 20443
What are the prime factors of 3525?
3, 5, 47
What are the prime factors of 273?
3, 7, 13
What are the prime factors of 42549?
3, 13, 1091
List the prime factors of 2348.
2, 587
What are the prime factors of 14481?
3, 1609
What are the prime factors of 1147?
31, 37
List the prime factors of 736.
2, 23
What are the prime factors of 11228?
2, 7, 401
List the prime factors of 113866.
2, 17, 197
What are the prime factors of 48724?
2, 13, 937
List the prime factors of 5224.
2, 653
What are the prime factors of 6574?
2, 19, 173
What are the prime factors of 1393?
7, 199
What are the prime factors of 4294?
2, 19, 113
List the prime factors of 577.
577
List the prime factors of 873.
3, 97
List the prime factors of 78862.
2, 7, 43, 131
List the prime factors of 1219.
23, 53
List the prime factors of 225.
3, 5
List the prime factors of 11614.
2, 5807
What are the prime factors of 29613?
3, 9871
What are the prime factors of 22110?
2, 3, 5, 11, 67
List the prime factors of 4133.
4133
What are the prime factors of 245?
5, 7
List the prime factors of 2330.
2, 5, 233
List the prime factors of 69627.
3, 23209
What are the prime factors of 54648?
2, 3, 11, 23
List the prime factors of 356.
2, 89
What are the prime factors of 77252?
2, 7, 31, 89
List the prime factors of 1204.
2, 7, 43
List the prime factors of 6945.
3, 5, 463
What are the prime factors of 30428?
2, 7607
What are the prime factors of 1153?
1153
List the prime factors of 1976.
2, 13, 19
List the prime factors of 4470.
2, 3, 5, 149
What are the prime factors of 1827?
3, 7, 29
What are the prime factors of 849?
3, 283
List the prime factors of 5146.
2, 31, 83
